 is divided by k(12).
16
Suppose 0 = -4*s + 3*d - 57, d = -4*s - 3*d - 64. Let i = s - -33. Let z = 16 + 37. Calculate the remainder when z is divided by i.
17
Suppose 3*q + 0*q = 5*o - 103, -5*q - 26 = -2*o. Calculate the remainder when o is divided by 8.
7
Let z = 34 + -21. What is the remainder when 63 is divided by z?
11
Suppose 3*v - 4 = -v. Calculate the remainder when 4 is divided by v.
0
Suppose 19*r - 15*r = 84. Let s(u) = -6*u**2 - u + 1. Let c(t) = 5*t**2 + t - 1. Let d(k) = -5*c(k) - 6*s(k). Calculate the remainder when r is divided by d(1).
10
Let x(s) = 5*s + 29*s**3 - 16*s**3 - 6*s**2 - 14*s**3. What is the remainder when 26 is divided by x(-7)?
12
Let b(m) = 9*m + 2. Let c be b(3). Suppose -y - 54 = -2*k, 2*k + 2*y = 95 - c. Calculate the remainder when k is divided by 15.
14
Suppose -4*u = 5 + 71. Let j = u + 27. Calculate the remainder when (2 + -6)/(4/(-14)) is divided by j.
6
Suppose -117 = o - 2*o. Calculate the remainder when o is divided by 30.
27
Suppose -v + 21 = -2*v + 5*d, 2*v = 5*d - 17. Suppose 2*h - 3*m = 6*h - 69, -v*h - m = -71. What is the remainder when 34 is divided by h?
16
Let o = 83 + -53. Calculate the remainder when o is divided by 16.
14
Let f = -26 - -41. Let c = 276 + -104. What is the remainder when c/(-12)*(-4 + 1) is divided by f?
13
Let b = 9 - 6. Let w = b + -3. Suppose q - 9 = -2*m, -3*q - 5*m - 10 + 38 = w. What is the remainder when q is divided by 4?
3
Let z(b) be the third derivative of 0*b + 0 + 1/24*b**4 - 2*b**2 + 4/3*b**3. What is the remainder when z(6) is divided by 8?
6
Let d(f) = 2*f**2 + 4*f - 8. Let a(m) = 3*m**2 + 4*m - 8. Let b(l) = 3*a(l) - 4*d(l). Suppose q - 6*q + 55 = 0. What is the remainder when b(6) is divided by q?
9
Suppose 155 = 5*m - 0*m. Calculate the remainder when m is divided by 8.
7
Let m = 58 - 55. Let l = -2 + 5. What is the remainder when l is divided by m?
0
Suppose -16*m - 9 = -19*m. Suppose 116 = 5*z + 4*i, -3*z = -8*z - m*i + 112. Calculate the remainder when 58 is divided by z.
18
Suppose -g + 42 = 2*g + 2*t, -2*g + 29 = t. Calculate the remainder when 90 is divided by g.
10
Let w(z) = 2*z - 21. Suppose 0 = n + n - 28. Suppose 2*i = -4*t + 14, 3*i = i - 3*t + 13. Calculate the remainder when w(n) is divided by i.
2
Suppose 0 = -0*j - 2*j + 4. Suppose -j*p + 9 = -p. Calculate the remainder when 0/(-1) - (0 + -16) is divided by p.
7
Let t = 1 - -1. Suppose -t*a = 0, -6*y + 15 = -y + 3*a. What is the remainder when 9 is divided by y?
0
Let i(a) = -6*a - 10. Let h be i(-5). Suppose -4*y + h = 12. What is the remainder when 4 is divided by y?
0
Let s(y) = 4*y - 6. Calculate the remainder when s(5) is divided by 6*((-10)/(-3) + -2).
6
Let d = 51 - 31. What is the remainder when 98 is divided by d?
18
Let a = -55 + 19. Calculate the remainder when 35 is divided by (a/(-30))/(1/10).
11
Let s = -5 + 16. Suppose -s = -2*a + 17. What is the remainder when a is divided by 5?
4
Suppose -b - 3*s = -67, -52 = 4*b + 5*s - 341. Calculate the remainder when b is divided by 27.
22
Let t = -2 - -2. Let h(a) = a**2 + a**3 + t*a**2 - 2*a**3. Calculate the remainder when 22 is divided by h(-2).
10
Suppose b - d - 14 = -0*d, -b = d - 12. What is the remainder when b is divided by 8?
5
Suppose 4*w = -2*g - 366, -4*g - 3 - 1 = 0. Let d = -65 - w. What is the remainder when d is divided by 14?
12
Let f(x) = -2*x + 36. Calculate the remainder when f(0) is divided by 19.
17
Suppose -4*g + 33 + 63 = 0. Let b = -35 + g. Let x = b - -25. What is the remainder when 40 is divided by x?
12
Let v be 8/4*(-1)/(-2). Suppose -2*s + 35 + v = 0. Calculate the remainder when 51 is divided by s.
15
Suppose 3*l + 3*h - 2 - 25 = 0, -21 = -l + 5*h. What is the remainder when (2 - -1)/((-3)/(-32)) is divided by l?
10
Suppose -5*a + 475 = -0*a. Let o = a + -51. What is the remainder when o is divided by 15?
14
Let r(v) = v**2 - 2*v - 2. Let o(l) = l**3 + 7*l**2 + 2*l + 12. Calculate the remainder when o(-6) is divided by r(5).
10
Suppose 3*h = 9 + 15. Suppose 3*t - 2*t - 23 = 0. Calculate the remainder when t is divided by h.
7
Let n = -157 - -228. Let x = 20 + -2. What is the remainder when n is divided by x?
17
Let g = 7 - 7. Suppose 3*j - 4*j + 13 = g. Calculate the remainder when 23 is divided by j.
10
What is the remainder when 58 is divided by (17 - 3) + (6 - 8)?
10
What is the remainder when 2370/40 + (-1)/4 is divided by 17?
8
Let w be (2 - 0) + 0 + 47. Let f = -31 + w. Suppose 4*m = -4*t + 220, -4*t - 1 - 39 = -m. What is the remainder when m is divided by f?
16
Let p = -84 + 92. Calculate the remainder when 18 is divided by p.
2
Suppose 86 = -4*v - 2*b + 210, 5*b - 62 = -2*v. Suppose -5*u + 208 = 3*g + 53, -4*u + 280 = 5*g. What is the remainder when g is divided by v?
29
Let m(a) = 9*a - 5. Calculate the remainder when 214 is divided by m(4).
28
Suppose -5*u + 1 = -19. Let o = -3 + u. What is the remainder when o is divided by 1?
0
Suppose 6*q - 108 - 66 = 0. What is the remainder when q is divided by 10?
9
Let u(w) = -2*w**3 - w**2 - 2*w + 1. Suppose 0 = -3*o + s + 150, 0 = o - 4*o - 2*s + 150. What is the remainder when o is divided by u(-2)?
16
Let p(g) be the first derivative of -g**2/2 - 5*g - 1. Let b be p(5). Calculate the remainder when 14 is divided by (-2)/5 + (-54)/b.
4
Suppose j + 3*h = -1, -3*j + 3*h = -1 + 4. Let s = -4 - -50. What is the remainder when s is divided by ((-16)/(-3))/(j/(-3))?
14
Let o(u) = -u**3 - 2*u**2 - u + 1. Let y be o(-2). Let g = 15 - -21. Suppose 50 = 5*p - 3*t, y*p + 2*t - 5*t = g. What is the remainder when 13 is divided by p?
6
Suppose 0 = -2*h + 5*h. Let x be 2/(-7) - 225/21. Let w = h - x. Calculate the remainder when 31 is divided by w.
9
Let n(o) = 11*o - 73. Calculate the remainder when 237 is divided by n(11).
45
Let s = 13 + 8. What is the remainder when s is divided by 12?
9
Let h = -28 - -63. What is the remainder when h is divided by -2 - (1 + -1*(16 + -4))?
8
Suppose -n = -3*n - 2*c + 6, -3*c = n - 5. What is the remainder when n is divided by (-1 - 0)*4/(-4)?
0
Suppose -m = 3*m - 52. Suppose k = -2*r - 2 + 74, -1 = r. Suppose -2 + k = 3*z. What is the remainder when z is divided by m?
11
Let d = 4 + 12. Calculate the remainder when 31 is divided by d.
15
Let n = 15 + -3. Calculate the remainder when 46 is divided by n.
10
Let d(a) = 2*a**2 - 3*a - 3. Let m(v) = v**3 - 3*v**2 + 3*v - 1. Let f be m(2). Let g be -8 + 6 - (f - 1). What is the remainder when 32 is divided by d(g)?
10
Let y = -4 + 6. Suppose -18 = -b - y. What is the remainder when 30 is divided by b?
14
Let b = 6 - -81. What is the remainder when b is divided by 15?
12
Let n(g) = g**2 + 22. Let l be (-2 - -2) + -2 + 2. Calculate the remainder when 85 is divided by n(l).
19
Let x = 40 + -12. What is the remainder when 54 is divided by x?
26
Let a(b) = b**2 + 9*b. Let v be a(-9). Calculate the remainder when 19 is divided by (3 - (v + -6)) + 1.
9
Let k be 2/4*8/1. Suppose n + 15 = -3*d, 5*d = -k*n + 4 - 43. Let p = 0 - n. Calculate the remainder when 11 is divided by p.
5
Suppose -3*p = 3*k + 21, -5*k = 2*p + 24 + 2. Calculate the remainder when (-7)/(14/86)*(1 + -2) is divided by 2/(k/(-34)) - 2.
13
Let y(p) = p**3 + 11*p**2 - p - 5. Suppose 12 = -z + 1. What is the remainder when 10 is divided by y(z)?
4
Suppose r = 4*r - 120. Let g(c) = 2*c**2 + 6*c - 6. What is the remainder when r is divided by g(-5)?
12
Let w = 29 + -16. Let l(g) = -g**2 - 15*g - 7. Calculate the remainder when l(-11) is divided by w.
11
Suppose 2*b + 104 = 2*i, 0*i = -2*i + 4*b + 114. Suppose -i = -m + 23. What is the remainder when m is divided by 18?
16
Let m(z) be the third derivative of z**6/120 + 7*z**5/60 - 3*z**4/8 - z**3/6 - 2*z**2. What is the remainder when 18 is divided by m(-8)?
4
Suppose -o + 5*w - 23 = 0, -3*o - 5*w + 37 = 6. Let a = 3 - 2. What is the remainder when 1/a + 3 - 0 is divided by o?
0
Suppose 3*v + 9 = 0, -5*o + 313 = -0*v + 4*v. Calculate the remainder when o is divided by 17.
14
Let y = 25 - 15. Let j = 123 - 106. What is the remainder when j is divided by y?
7
Let u(y) = 5*y - 2. Suppose q - 2*q + 1 = 0. Calculate the remainder when (53 + -2)*q/1 is divided by u(4).
15
Calculate the remainder when (-19)/((-570)/1152) + 4/(-10) is divided by 13.
12
Let o = -36 - -75. Let x 